se -3 - a = -4*l. List the prime factors of l.
19
Let g = -9 + 23. Suppose x = p - g, 2*p + 4*x = -x + 21. List the prime factors of p.
13
Suppose -8*p + 0*p + 456 = 0. What are the prime factors of p?
3, 19
Let c = 114 + -67. Suppose -3*t - 2*d + 32 = -c, t = -d + 25. List the prime factors of t.
29
Let w(l) = 2*l - 8. Let v be w(6). Suppose v*r - 52 = -2*a, 0 = -3*a - 2*r + 33 + 49. Suppose 7*p = 3*p + a. What are the prime factors of p?
7
Let v = 701 + -288. What are the prime factors of v?
7, 59
Let w = 11 + -7. Let s = w + 5. List the prime factors of s.
3
Suppose 52 = -6*n + 7*n. List the prime factors of n.
2, 13
Let c be 24/15 - 2/(-5). Let o(k) = 0*k + 5*k**c + 1 + 0 - k**3 + 2*k + 2. What are the prime factors of o(5)?
13
What are the prime factors of 3/6*(-1 - -83)?
41
Let y(b) = b**2 - b - 1. Let l be y(-2). Let h = l + 1. What are the prime factors of h?
2, 3
Suppose 3*o + 258 = 5*n, -2*o - 1 + 9 = 0. What are the prime factors of n?
2, 3
Suppose -9*i + 403 + 1973 = 0. What are the prime factors of i?
2, 3, 11
Let v be 3*21/27*3. Let w(n) = v*n**2 - 5 + 22 - 6*n**2. List the prime factors of w(0).
17
Let p be 1/(-2) - 21/(-6). Let d(a) = -2*a**2 + a**2 + a + p*a + 4 + 0*a. List the prime factors of d(4).
2
Suppose 30 = 6*a - 486. What are the prime factors of a?
2, 43
Suppose -4*y = -9 - 3, 2*s - 5*y + 9 = 0. Suppose 5*p = -s*x - 73, 5*p + 15 + 90 = -5*x. List the prime factors of 130/8 - (-4)/x.
2
Suppose 1 = 2*b - 5*d, 11 = 3*b + 2*d - 0. Let p(o) = 4 + 2 + 10*o - o**b - 10*o**2 + 1. List the prime factors of p(-11).
2, 3
Let d(f) be the second derivative of -f**5/20 - f**4/4 + f**3/6 - 2*f**2 - f. Suppose -8 = o - 2*u, 3*u - 10 = -2*o + 3*o. List the prime factors of d(o).
2
Suppose 0 = -5*u + 4 + 1. Let k(w) = w**3 - w**2 + w - 1. Let f be k(1). Suppose f = -q + b + u, -5*b = 3*q - 5*q - 7. List the prime factors of q.
2
Suppose 2*u + 0*u = 16. Let k = u + -3. Suppose -k*i + 32 = -i. List the prime factors of i.
2
Suppose 4*x - 2*q - 22 = 32, -2*x = 2*q - 30. Let f(k) = 4*k**3 - k. Let m be f(1). Suppose 2*w - 26 = m*b, -2*w - 2*b + x = b. List the prime factors of w.
2, 5
Suppose 0*n - 2*n + 6 = 0. Suppose -3*k = -n*m, -2*k + 12 = 3*m + k. Suppose 0 = -m*h + 5*h - 12. List the prime factors of h.
2
Suppose -3*u + 24 = -7*u. List the prime factors of (-105)/u - (-3)/(-2).
2
What are the prime factors of 173 - -2 - (-9 - -10)?
2, 3, 29
Suppose 11*f - p = 6*f + 295, -2*f + 126 = -2*p. List the prime factors of f.
2, 29
Suppose 0 = x - 5*x + 24. Suppose 2*k - x*z + 10 = -z, -2 = -2*k - z. Suppose 3*g - g + 4*l - 16 = k, -5*g + 25 = -5*l. What are the prime factors of g?
2, 3
Suppose 0 = -5*l + j + 49 + 32, -2*l - 5*j = -54. List the prime factors of l.
17
Let o = -72 - -104. What are the prime factors of o?
2
Let t(r) = 4*r - 7. Let y be t(3). Suppose -y*l + 0*l + 65 = 0. What are the prime factors of l?
13
What are the prime factors of 4*(-3)/(-36)*(-321)/(-1)?
107
Suppose -4*d = -0 - 4. Let y(r) = -7*r**3 + 5*r**2 + 2. Let g(b) = -22*b**3 + 14*b**2 + 5. Let o(v) = -3*g(v) + 8*y(v). What are the prime factors of o(d)?
3
Let x be ((-4)/2)/((-6)/417). Suppose 47 = -4*b + x. List the prime factors of b.
23
Let x be (-3)/3 + (5 - 67). Let n = 113 + x. What are the prime factors of n?
2, 5
Let o = 137 - -23. What are the prime factors of o?
2, 5
Let u be 453/27 + 4/18. Let m = u + -1. List the prime factors of m.
2
Suppose -24 = -2*v - 6. Suppose v = c - 2*j, -4*c - j - 2*j + 36 = 0. What are the prime factors of c?
3
Suppose -g + 6 = -2*g. Let c(v) = v**2 + 3*v - 3. List the prime factors of c(g).
3, 5
Let r(t) = -19*t - 11. What are the prime factors of r(-2)?
3
Let y = -3 - -7. Suppose h + 0*h - 228 = -5*z, y*h = -4*z + 192. List the prime factors of z.
3, 5
Suppose b + 293 = 4*q, -5*b - 294 = -4*q - 3*b. Suppose 3*n - 5*f = q, 0 = n - 2*n - 3*f + 1. List the prime factors of n.
2
Let d = 132 + -82. Suppose 8*v - d = 3*v. What are the prime factors of v?
2, 5
Suppose 0*a = 4*a - 12. Suppose -a*h = -h - 60. What are the prime factors of h?
2, 3, 5
Let s = -11 - -28. What are the prime factors of s?
17
Let t(s) be the second derivative of -s**5/20 - 5*s**4/12 - 5*s**3/6 + s**2 - 5*s. Suppose 5 = -j + 1. List the prime factors of t(j).
2, 3
Suppose g = 4*g - 15. Suppose 4*q - 60 = i + 3*i, -4*q - g*i = -60. List the prime factors of q.
3, 5
Suppose y - 3*g = -y + 14, -4*y = 4*g + 12. Let x = -1 - y. Let p = x + 5. What are the prime factors of p?
3
Suppose -u + 6 - 3 = 0. Let d = u + 5. List the prime factors of (-20)/d*-2*2.
2, 5
Suppose 3*d + 11 = m, 0 = -4*m - 0*d + 2*d + 44. List the prime factors of m.
11
What are the prime factors of -2 - 2 - 310/(-5)?
2, 29
Suppose 302 = -10*t + 11*t. What are the prime factors of t?
2, 151
Let n(a) = -3*a - 3. Let y be 2/(-1) - (-6)/(-2). What are the prime factors of n(y)?
2, 3
List the prime factors of (-28)/5*(-4 - 1).
2, 7
Let i(z) = z**2 - 7*z - 61. List the prime factors of i(-8).
59
Suppose 4*k - 56 = 4*c, 2 = -k + 4*c + 19. Let d = -5 + 4. List the prime factors of (-1)/((d/k)/1).
13
Let d be (-13)/3 - (-12)/(-18). List the prime factors of (-2)/5 + (-12)/d.
2
Let y be (-24)/(-13) - 4/(-26). List the prime factors of (y/2)/((-2)/(-62)).
31
Suppose -64 = -0*n + 4*n. Let w = n + 24. List the prime factors of w.
2
Let k = -30 + 56. Let t = k - 9. List the prime factors of t.
17
Let v = 46 - 28. What are the prime factors of v?
2, 3
Suppose 0 = -o - 4*o + 20. What are the prime factors of o?
2
List the prime factors of (-3)/(2 - (-7)/(-3)).
3
Suppose 0 = 2*q + 5*j + 25, 2*j + 2 + 11 = -q. Let s = 15 - q. What are the prime factors of s?
2, 3, 5
Let w(f) = 10*f. Let l be w(-1). What are the prime factors of ((-56)/l)/(4/10)?
2, 7
Suppose 6 = r + 3*j, r + r - 48 = 3*j. What are the prime factors of r?
2, 3
Let f = -31 + 67. Suppose -3*g + 4*g - 39 = 0. Suppose -5*b + g + f = 5*r, 0 = -2*r + 2*b + 26. What are the prime factors of r?
2, 7
What are the prime factors of 1/((9/116)/9)?
2, 29
Let n = -7 + 3. List the prime factors of n/6 - 17/(-3).
5
Let n = 27 - 19. Suppose 0*g = 2*g - n. What are the prime factors of g?
2
Let c be 3/(-1 + 0/2). Let r(z) = -2*z. Let u be r(c). What are the prime factors of (3/u)/(2/24)?
2, 3
List the prime factors of ((-12)/24)/((-1)/142).
71
Suppose 0 = -4*z + 47 + 17. Let f be 6*3/12*-2. Let x = z + f. What are the prime factors of x?
13
Suppose -3*a + 23 = 4*s, 5*s - 24 = -4*a + 6. Suppose 3*v = p - s*v - 6, 5*v - 60 = -5*p. List the prime factors of p.
11
Let w = 79 - 47. List the prime factors of w.
2
Let r(b) be the first derivative of b**3/3 - b - 4. What are the prime factors of r(-3)?
2
Suppose 0 = 5*b - 6*b + 115. List the prime factors of b.
5, 23
Let n(t) = 7 - t**2 + 8*t - t + 0*t**2. Let f be 1 - -2 - ((-4 - -5) + -5). What are the prime factors of n(f)?
7
Suppose -10 = -w - 24. Let h be (-3)/3*(w + 1). Suppose 0 = -2*l + h - 1. What are the prime factors of l?
2, 3
Let k(x) = -5*x**2 - 11*x + 3 + 8*x**2 + 10*x. List the prime factors of k(3).
3
Suppose -n + 0 + 4 = 0, 2*n = 4*j - 4. Suppose -j = -q - 3*y + 2, -q = 5*y + 3. List the prime factors of q.
17
Let a(x) = x**3 - 3*x**2 + x. Let q(k) = -2*k**3 + 6*k**2 - 3*k + 1. Let u = 0 + -3. Let j(v) = u*q(v) - 5*a(v). List the prime factors of j(3).
3
Let t(l) = -l**2 - 10. Let b be t(0). Suppose -2*d + 48 = 3*g + d, 5 = -d. Let x = g + b. What are the prime factors of x?
11
Let q(t) = 2*t + 5. Let o be q(-5). What are the prime factors of o/(-2)*4/2?
5
Let a = 9 + -3. What are the prime factors of (a/4)/((-3)/(-8))?
2
Let t(r) = -20*r**3 + 2*r**2 - 1. What are the prime factors of t(-1)?
3, 7
Let q(n) = 2*n + 24. What are the prime factors of q(12)?
2, 3
Let r = 208 - 96. List the prime factors of r.
2, 7
Let t be (-8)/(-12)*(-261)/(-3). Let m = t - 41. List the prime factors of m.
17
Suppose 3*q + q = -20. Let o(n) = 2*n**2 + 2*n - 4. List the prime factors of o(q).
2, 3
What are the prime factors of 3/9 - 370/(-15)?
5
Let a(v) = -v**2 - 19*v - 25. What are the prime factors of a(-12)?
59
Let h(p) = -30*p**3 - p. Let g be h(-1). Let o = 55 - g. List the prime factors of o.
2, 3
Suppose 6 = -2*c - 2*j, 5*j + 21 = -c - 2. Suppose 0 = t + c*t - 33. List the prime factors of t.
11
Suppose 5*l - 2